{"id":2098,"date":"2021-03-12T10:38:43","date_gmt":"2021-03-12T09:38:43","guid":{"rendered":"https:\/\/www.flogistic.cz\/privacy-policy\/"},"modified":"2024-10-17T14:51:25","modified_gmt":"2024-10-17T12:51:25","slug":"privacy-policy","status":"publish","type":"page","link":"https:\/\/www.flogistic.cz\/en\/privacy-policy\/","title":{"rendered":"Privacy Policy"},"content":{"rendered":"\n<p>Read how we handle your data under the General Data Protection Regulation (GDPR).<\/p>\n\n\n\n<h2 class=\"wp-block-heading\">Who collects the data<\/h2>\n\n\n\n<p><strong>It collects your personal data:<\/strong><\/p>\n\n\n\n<ul class=\"wp-block-list\">\n<li><strong>FORM\u00c1NEK Logistic s.r.o.<\/strong><\/li>\n\n\n\n<li>ID: 25954083<\/li>\n\n\n\n<li>Address: Star\u00fd Byd\u017eov 41, 503&nbsp;57 Star\u00fd Byd\u017eov<\/li>\n\n\n\n<li>Contact e-mail: flogistic@flogistic.cz<\/li>\n<\/ul>\n\n\n\n<h2 class=\"wp-block-heading\">What data we collect<\/h2>\n\n\n\n<p><strong class=\"privacy-policy-tutorial\">We collect the following personal data:<\/strong><\/p>\n\n\n\n<ul class=\"wp-block-list\">\n<li><strong>Contact form:<\/strong> name, surname, e-mail, phone number.<\/li>\n\n\n\n<li><strong>Inquiry form:<\/strong> name, surname, e-mail, phone number.<\/li>\n\n\n\n<li><strong>Career form:<\/strong> name, surname, email, phone number.<\/li>\n<\/ul>\n\n\n\n<div style=\"height:25px\" aria-hidden=\"true\" class=\"wp-block-spacer\"><\/div>\n\n\n\n<hr class=\"wp-block-separator has-text-color has-theme-palette-9-color has-alpha-channel-opacity has-theme-palette-9-background-color has-background is-style-wide\"\/>\n\n\n\n<h2 class=\"wp-block-heading\">Reason and purpose of data collection<\/h2>\n\n\n\n<ul class=\"wp-block-list\">\n<li><strong>Contact form:<\/strong> on the basis of future contract performance, so that we can answer your inquiry about your service request.<\/li>\n\n\n\n<li><strong>Enquiry form:<\/strong> based on future contract performance, so that we can respond to your demand for our services.<\/li>\n\n\n\n<li><strong>Career form:<\/strong> so we can respond to your demand for a&nbsp;job opportunity.<\/li>\n<\/ul>\n\n\n\n<h2 class=\"wp-block-heading\">How long we keep the data<\/h2>\n\n\n\n<ul class=\"wp-block-list\">\n<li><strong>Contact form:<\/strong> for a&nbsp;maximum of 1 year.<\/li>\n\n\n\n<li><strong>Demand:<\/strong> for 1 year.<\/li>\n\n\n\n<li><strong>Order:<\/strong> for the period prescribed by law.<\/li>\n<\/ul>\n\n\n\n<div style=\"height:25px\" aria-hidden=\"true\" class=\"wp-block-spacer\"><\/div>\n\n\n\n<hr class=\"wp-block-separator has-text-color has-theme-palette-9-color has-alpha-channel-opacity has-theme-palette-9-background-color has-background is-style-wide\"\/>\n\n\n\n<h2 class=\"wp-block-heading\">Who processes personal data<\/h2>\n\n\n\n<p><strong>The processor of this data is:<\/strong><\/p>\n\n\n\n<ul class=\"wp-block-list\">\n<li>FORM\u00c1NEK Logistic s.r.o. (registration number 25954083, registered office Star\u00fd Byd\u017eov 41, 503&nbsp;57 Star\u00fd Byd\u017eov), which operates this website.<\/li>\n<\/ul>\n\n\n\n<h2 class=\"wp-block-heading\">Cookies<\/h2>\n\n\n\n<p>When you browse a&nbsp;website, your IP address is recorded, how long you stay on the page and which page you come from.\nWe see the use of cookies to measure website traffic and to customize the display of the website as a&nbsp;legitimate interest of the administrator. <\/p>\n\n\n\n<p>You can disable the use of cookies in your browser.<\/p>\n\n\n\n<div style=\"height:25px\" aria-hidden=\"true\" class=\"wp-block-spacer\"><\/div>\n\n\n\n<hr class=\"wp-block-separator has-text-color has-theme-palette-9-color has-alpha-channel-opacity has-theme-palette-9-background-color has-background is-style-wide\"\/>\n\n\n\n<h2 class=\"wp-block-heading\">What you are entitled to<\/h2>\n\n\n\n<ul class=\"wp-block-list\">\n<li>Ask what data we process, for what purpose, to what extent, for how long and who has access to it.<\/li>\n\n\n\n<li>You can request the correction or deletion of this data.<\/li>\n<\/ul>\n\n\n\n<h2 class=\"wp-block-heading\">Where to go<\/h2>\n\n\n\n<ul class=\"wp-block-list\">\n<li>If you believe that we are processing your data in breach of applicable law, please contact us.<\/li>\n\n\n\n<li>If you are not satisfied with the resolution of your complaint, you can file a&nbsp;complaint with the <a href=\"https:\/\/www.uoou.cz\/\">Office for Personal Data Protection<\/a>.<\/li>\n<\/ul>\n\n\n\n<p><em>This Privacy Policy is valid and effective from 17.10.2024.<\/em><\/p>\n","protected":false},"excerpt":{"rendered":"<p>Read how we handle your data under the General Data Protection Regulation (GDPR). Who collects the data It collects your personal data: What data we collect We collect the following personal data: Reason and purpose of data collection How long we keep the data Who processes personal data The processor of this data is: Cookies&#8230;<\/p>\n","protected":false},"author":1,"featured_media":0,"parent":0,"menu_order":4,"comment_status":"closed","ping_status":"open","template":"","meta":{"inline_featured_image":false,"_kad_blocks_custom_css":"","_kad_blocks_head_custom_js":"","_kad_blocks_body_custom_js":"","_kad_blocks_footer_custom_js":"","_kad_post_transparent":"","_kad_post_title":"","_kad_post_layout":"","_kad_post_sidebar_id":"","_kad_post_content_style":"","_kad_post_vertical_padding":"","_kad_post_feature":"","_kad_post_feature_position":"","_kad_post_header":false,"_kad_post_footer":false,"footnotes":""},"class_list":["post-2098","page","type-page","status-publish","hentry"],"yoast_head":"<!-- This site is optimized with the Yoast SEO plugin v26.9 - https:\/\/yoast.com\/product\/yoast-seo-wordpress\/ -->\n<title>Privacy Policy | FORM\u00c1NEK Logistic<\/title>\n<meta name=\"description\" content=\"Read how we handle your data under the General Data Protection Regulation (GDPR). Who collects the data It collects your personal data: FORM\u00c1NEK Logistic\" \/>\n<meta name=\"robots\" content=\"index, follow, max-snippet:-1, max-image-preview:large, max-video-preview:-1\" \/>\n<link rel=\"canonical\" href=\"https:\/\/www.flogistic.cz\/en\/privacy-policy\/\" \/>\n<meta property=\"og:locale\" content=\"en_US\" \/>\n<meta property=\"og:type\" content=\"article\" \/>\n<meta property=\"og:title\" content=\"Privacy Policy | FORM\u00c1NEK Logistic\" \/>\n<meta property=\"og:description\" content=\"Read how we handle your data under the General Data Protection Regulation (GDPR). Who collects the data It collects your personal data: FORM\u00c1NEK Logistic\" \/>\n<meta property=\"og:url\" content=\"https:\/\/www.flogistic.cz\/en\/privacy-policy\/\" \/>\n<meta property=\"og:site_name\" content=\"FORM\u00c1NEK Logistic\" \/>\n<meta property=\"article:publisher\" content=\"https:\/\/www.facebook.com\/formaneklogistic\" \/>\n<meta property=\"article:modified_time\" content=\"2024-10-17T12:51:25+00:00\" \/>\n<meta property=\"og:image\" content=\"https:\/\/www.flogistic.cz\/wp-content\/uploads\/2024\/03\/logo-Flogostic.png\" \/>\n\t<meta property=\"og:image:width\" content=\"300\" \/>\n\t<meta property=\"og:image:height\" content=\"135\" \/>\n\t<meta property=\"og:image:type\" content=\"image\/png\" \/>\n<meta name=\"twitter:card\" content=\"summary_large_image\" \/>\n<meta name=\"twitter:label1\" content=\"Est. reading time\" \/>\n\t<meta name=\"twitter:data1\" content=\"2 minutes\" \/>\n<script type=\"application\/ld+json\" class=\"yoast-schema-graph\">{\"@context\":\"https:\/\/schema.org\",\"@graph\":[{\"@type\":\"WebPage\",\"@id\":\"https:\/\/www.flogistic.cz\/en\/privacy-policy\/\",\"url\":\"https:\/\/www.flogistic.cz\/en\/privacy-policy\/\",\"name\":\"Privacy Policy | FORM\u00c1NEK Logistic\",\"isPartOf\":{\"@id\":\"https:\/\/www.flogistic.cz\/en\/#website\"},\"datePublished\":\"2021-03-12T09:38:43+00:00\",\"dateModified\":\"2024-10-17T12:51:25+00:00\",\"description\":\"Read how we handle your data under the General Data Protection Regulation (GDPR). Who collects the data It collects your personal data: FORM\u00c1NEK Logistic\",\"breadcrumb\":{\"@id\":\"https:\/\/www.flogistic.cz\/en\/privacy-policy\/#breadcrumb\"},\"inLanguage\":\"en-US\",\"potentialAction\":[{\"@type\":\"ReadAction\",\"target\":[\"https:\/\/www.flogistic.cz\/en\/privacy-policy\/\"]}]},{\"@type\":\"BreadcrumbList\",\"@id\":\"https:\/\/www.flogistic.cz\/en\/privacy-policy\/#breadcrumb\",\"itemListElement\":[{\"@type\":\"ListItem\",\"position\":1,\"name\":\"Home\",\"item\":\"https:\/\/www.flogistic.cz\/en\/\"},{\"@type\":\"ListItem\",\"position\":2,\"name\":\"Privacy Policy\"}]},{\"@type\":\"WebSite\",\"@id\":\"https:\/\/www.flogistic.cz\/en\/#website\",\"url\":\"https:\/\/www.flogistic.cz\/en\/\",\"name\":\"FORM\u00c1NEK Logistic\",\"description\":\"P\u0159eprava kontejner\u016f a Servis n\u00e1kladn\u00edch aut\",\"publisher\":{\"@id\":\"https:\/\/www.flogistic.cz\/en\/#organization\"},\"potentialAction\":[{\"@type\":\"SearchAction\",\"target\":{\"@type\":\"EntryPoint\",\"urlTemplate\":\"https:\/\/www.flogistic.cz\/en\/?s={search_term_string}\"},\"query-input\":{\"@type\":\"PropertyValueSpecification\",\"valueRequired\":true,\"valueName\":\"search_term_string\"}}],\"inLanguage\":\"en-US\"},{\"@type\":\"Organization\",\"@id\":\"https:\/\/www.flogistic.cz\/en\/#organization\",\"name\":\"FORM\u00c1NEK Logistic s.r.o.\",\"url\":\"https:\/\/www.flogistic.cz\/en\/\",\"logo\":{\"@type\":\"ImageObject\",\"inLanguage\":\"en-US\",\"@id\":\"https:\/\/www.flogistic.cz\/en\/#\/schema\/logo\/image\/\",\"url\":\"https:\/\/www.flogistic.cz\/wp-content\/uploads\/2024\/03\/Formanek-logo.svg\",\"contentUrl\":\"https:\/\/www.flogistic.cz\/wp-content\/uploads\/2024\/03\/Formanek-logo.svg\",\"width\":1200,\"height\":600,\"caption\":\"FORM\u00c1NEK Logistic s.r.o.\"},\"image\":{\"@id\":\"https:\/\/www.flogistic.cz\/en\/#\/schema\/logo\/image\/\"},\"sameAs\":[\"https:\/\/www.facebook.com\/formaneklogistic\",\"https:\/\/www.instagram.com\/formanek_logistic\/\"]}]}<\/script>\n<!-- \/ Yoast SEO plugin. -->","yoast_head_json":{"title":"Privacy Policy | FORM\u00c1NEK Logistic","description":"Read how we handle your data under the General Data Protection Regulation (GDPR). Who collects the data It collects your personal data: FORM\u00c1NEK Logistic","robots":{"index":"index","follow":"follow","max-snippet":"max-snippet:-1","max-image-preview":"max-image-preview:large","max-video-preview":"max-video-preview:-1"},"canonical":"https:\/\/www.flogistic.cz\/en\/privacy-policy\/","og_locale":"en_US","og_type":"article","og_title":"Privacy Policy | FORM\u00c1NEK Logistic","og_description":"Read how we handle your data under the General Data Protection Regulation (GDPR). Who collects the data It collects your personal data: FORM\u00c1NEK Logistic","og_url":"https:\/\/www.flogistic.cz\/en\/privacy-policy\/","og_site_name":"FORM\u00c1NEK Logistic","article_publisher":"https:\/\/www.facebook.com\/formaneklogistic","article_modified_time":"2024-10-17T12:51:25+00:00","og_image":[{"width":300,"height":135,"url":"https:\/\/www.flogistic.cz\/wp-content\/uploads\/2024\/03\/logo-Flogostic.png","type":"image\/png"}],"twitter_card":"summary_large_image","twitter_misc":{"Est. reading time":"2 minutes"},"schema":{"@context":"https:\/\/schema.org","@graph":[{"@type":"WebPage","@id":"https:\/\/www.flogistic.cz\/en\/privacy-policy\/","url":"https:\/\/www.flogistic.cz\/en\/privacy-policy\/","name":"Privacy Policy | FORM\u00c1NEK Logistic","isPartOf":{"@id":"https:\/\/www.flogistic.cz\/en\/#website"},"datePublished":"2021-03-12T09:38:43+00:00","dateModified":"2024-10-17T12:51:25+00:00","description":"Read how we handle your data under the General Data Protection Regulation (GDPR). Who collects the data It collects your personal data: FORM\u00c1NEK Logistic","breadcrumb":{"@id":"https:\/\/www.flogistic.cz\/en\/privacy-policy\/#breadcrumb"},"inLanguage":"en-US","potentialAction":[{"@type":"ReadAction","target":["https:\/\/www.flogistic.cz\/en\/privacy-policy\/"]}]},{"@type":"BreadcrumbList","@id":"https:\/\/www.flogistic.cz\/en\/privacy-policy\/#breadcrumb","itemListElement":[{"@type":"ListItem","position":1,"name":"Home","item":"https:\/\/www.flogistic.cz\/en\/"},{"@type":"ListItem","position":2,"name":"Privacy Policy"}]},{"@type":"WebSite","@id":"https:\/\/www.flogistic.cz\/en\/#website","url":"https:\/\/www.flogistic.cz\/en\/","name":"FORM\u00c1NEK Logistic","description":"P\u0159eprava kontejner\u016f a Servis n\u00e1kladn\u00edch aut","publisher":{"@id":"https:\/\/www.flogistic.cz\/en\/#organization"},"potentialAction":[{"@type":"SearchAction","target":{"@type":"EntryPoint","urlTemplate":"https:\/\/www.flogistic.cz\/en\/?s={search_term_string}"},"query-input":{"@type":"PropertyValueSpecification","valueRequired":true,"valueName":"search_term_string"}}],"inLanguage":"en-US"},{"@type":"Organization","@id":"https:\/\/www.flogistic.cz\/en\/#organization","name":"FORM\u00c1NEK Logistic s.r.o.","url":"https:\/\/www.flogistic.cz\/en\/","logo":{"@type":"ImageObject","inLanguage":"en-US","@id":"https:\/\/www.flogistic.cz\/en\/#\/schema\/logo\/image\/","url":"https:\/\/www.flogistic.cz\/wp-content\/uploads\/2024\/03\/Formanek-logo.svg","contentUrl":"https:\/\/www.flogistic.cz\/wp-content\/uploads\/2024\/03\/Formanek-logo.svg","width":1200,"height":600,"caption":"FORM\u00c1NEK Logistic s.r.o."},"image":{"@id":"https:\/\/www.flogistic.cz\/en\/#\/schema\/logo\/image\/"},"sameAs":["https:\/\/www.facebook.com\/formaneklogistic","https:\/\/www.instagram.com\/formanek_logistic\/"]}]}},"taxonomy_info":[],"featured_image_src_large":false,"author_info":{"display_name":"webmaster@webprezent.cz","author_link":"https:\/\/www.flogistic.cz\/en\/author\/gargamel\/"},"comment_info":0,"_links":{"self":[{"href":"https:\/\/www.flogistic.cz\/en\/wp-json\/wp\/v2\/pages\/2098","targetHints":{"allow":["GET"]}}],"collection":[{"href":"https:\/\/www.flogistic.cz\/en\/wp-json\/wp\/v2\/pages"}],"about":[{"href":"https:\/\/www.flogistic.cz\/en\/wp-json\/wp\/v2\/types\/page"}],"author":[{"embeddable":true,"href":"https:\/\/www.flogistic.cz\/en\/wp-json\/wp\/v2\/users\/1"}],"replies":[{"embeddable":true,"href":"https:\/\/www.flogistic.cz\/en\/wp-json\/wp\/v2\/comments?post=2098"}],"version-history":[{"count":4,"href":"https:\/\/www.flogistic.cz\/en\/wp-json\/wp\/v2\/pages\/2098\/revisions"}],"predecessor-version":[{"id":2291,"href":"https:\/\/www.flogistic.cz\/en\/wp-json\/wp\/v2\/pages\/2098\/revisions\/2291"}],"wp:attachment":[{"href":"https:\/\/www.flogistic.cz\/en\/wp-json\/wp\/v2\/media?parent=2098"}],"curies":[{"name":"wp","href":"https:\/\/api.w.org\/{rel}","templated":true}]}}

<p>Read how we handle your data under the General Data Protection Regulation (GDPR).</p>



<h2 class="wp-block-heading">Who collects the data</h2>



<p><strong>It collects your personal data:</strong></p>



<ul class="wp-block-list">
<li><strong>FORMÁNEK Logistic s.r.o.</strong></li>



<li>ID: 25954083</li>



<li>Address: Starý Bydžov 41, 503&nbsp;57 Starý Bydžov</li>



<li>Contact e-mail: flogistic@flogistic.cz</li>
</ul>



<h2 class="wp-block-heading">What data we collect</h2>



<p><strong class="privacy-policy-tutorial">We collect the following personal data:</strong></p>



<ul class="wp-block-list">
<li><strong>Contact form:</strong> name, surname, e-mail, phone number.</li>



<li><strong>Inquiry form:</strong> name, surname, e-mail, phone number.</li>



<li><strong>Career form:</strong> name, surname, email, phone number.</li>
</ul>



<div style="height:25px" aria-hidden="true" class="wp-block-spacer"></div>



<hr class="wp-block-separator has-text-color has-theme-palette-9-color has-alpha-channel-opacity has-theme-palette-9-background-color has-background is-style-wide"/>



<h2 class="wp-block-heading">Reason and purpose of data collection</h2>



<ul class="wp-block-list">
<li><strong>Contact form:</strong> on the basis of future contract performance, so that we can answer your inquiry about your service request.</li>



<li><strong>Enquiry form:</strong> based on future contract performance, so that we can respond to your demand for our services.</li>



<li><strong>Career form:</strong> so we can respond to your demand for a&nbsp;job opportunity.</li>
</ul>



<h2 class="wp-block-heading">How long we keep the data</h2>



<ul class="wp-block-list">
<li><strong>Contact form:</strong> for a&nbsp;maximum of 1 year.</li>



<li><strong>Demand:</strong> for 1 year.</li>



<li><strong>Order:</strong> for the period prescribed by law.</li>
</ul>



<div style="height:25px" aria-hidden="true" class="wp-block-spacer"></div>



<hr class="wp-block-separator has-text-color has-theme-palette-9-color has-alpha-channel-opacity has-theme-palette-9-background-color has-background is-style-wide"/>



<h2 class="wp-block-heading">Who processes personal data</h2>



<p><strong>The processor of this data is:</strong></p>



<ul class="wp-block-list">
<li>FORMÁNEK Logistic s.r.o. (registration number 25954083, registered office Starý Bydžov 41, 503&nbsp;57 Starý Bydžov), which operates this website.</li>
</ul>



<h2 class="wp-block-heading">Cookies</h2>



<p>When you browse a&nbsp;website, your IP address is recorded, how long you stay on the page and which page you come from.
We see the use of cookies to measure website traffic and to customize the display of the website as a&nbsp;legitimate interest of the administrator. </p>



<p>You can disable the use of cookies in your browser.</p>



<div style="height:25px" aria-hidden="true" class="wp-block-spacer"></div>



<hr class="wp-block-separator has-text-color has-theme-palette-9-color has-alpha-channel-opacity has-theme-palette-9-background-color has-background is-style-wide"/>



<h2 class="wp-block-heading">What you are entitled to</h2>



<ul class="wp-block-list">
<li>Ask what data we process, for what purpose, to what extent, for how long and who has access to it.</li>



<li>You can request the correction or deletion of this data.</li>
</ul>



<h2 class="wp-block-heading">Where to go</h2>



<ul class="wp-block-list">
<li>If you believe that we are processing your data in breach of applicable law, please contact us.</li>



<li>If you are not satisfied with the resolution of your complaint, you can file a&nbsp;complaint with the <a href="https://www.uoou.cz/">Office for Personal Data Protection</a>.</li>
</ul>



<p><em>This Privacy Policy is valid and effective from 17.10.2024.</em></p>

<!-- This site is optimized with the Yoast SEO plugin v26.9 - https://yoast.com/product/yoast-seo-wordpress/ -->
<title>Privacy Policy | FORMÁNEK Logistic</title>
<meta name="description" content="Read how we handle your data under the General Data Protection Regulation (GDPR). Who collects the data It collects your personal data: FORMÁNEK Logistic" />
<meta name="robots" content="index, follow, max-snippet:-1, max-image-preview:large, max-video-preview:-1" />
<link rel="canonical" href="https://www.flogistic.cz/en/privacy-policy/" />
<meta property="og:locale" content="en_US" />
<meta property="og:type" content="article" />
<meta property="og:title" content="Privacy Policy | FORMÁNEK Logistic" />
<meta property="og:description" content="Read how we handle your data under the General Data Protection Regulation (GDPR). Who collects the data It collects your personal data: FORMÁNEK Logistic" />
<meta property="og:url" content="https://www.flogistic.cz/en/privacy-policy/" />
<meta property="og:site_name" content="FORMÁNEK Logistic" />
<meta property="article:publisher" content="https://www.facebook.com/formaneklogistic" />
<meta property="article:modified_time" content="2024-10-17T12:51:25+00:00" />
<meta property="og:image" content="https://www.flogistic.cz/wp-content/uploads/2024/03/logo-Flogostic.png" />
	<meta property="og:image:width" content="300" />
	<meta property="og:image:height" content="135" />
	<meta property="og:image:type" content="image/png" />
<meta name="twitter:card" content="summary_large_image" />
<meta name="twitter:label1" content="Est. reading time" />
	<meta name="twitter:data1" content="2 minutes" />
<script type="application/ld+json" class="yoast-schema-graph">{"@context":"https://schema.org","@graph":[{"@type":"WebPage","@id":"https://www.flogistic.cz/en/privacy-policy/","url":"https://www.flogistic.cz/en/privacy-policy/","name":"Privacy Policy | FORMÁNEK Logistic","isPartOf":{"@id":"https://www.flogistic.cz/en/#website"},"datePublished":"2021-03-12T09:38:43+00:00","dateModified":"2024-10-17T12:51:25+00:00","description":"Read how we handle your data under the General Data Protection Regulation (GDPR). Who collects the data It collects your personal data: FORMÁNEK Logistic","breadcrumb":{"@id":"https://www.flogistic.cz/en/privacy-policy/#breadcrumb"},"inLanguage":"en-US","potentialAction":[{"@type":"ReadAction","target":["https://www.flogistic.cz/en/privacy-policy/"]}]},{"@type":"BreadcrumbList","@id":"https://www.flogistic.cz/en/privacy-policy/#breadcrumb","itemListElement":[{"@type":"ListItem","position":1,"name":"Home","item":"https://www.flogistic.cz/en/"},{"@type":"ListItem","position":2,"name":"Privacy Policy"}]},{"@type":"WebSite","@id":"https://www.flogistic.cz/en/#website","url":"https://www.flogistic.cz/en/","name":"FORMÁNEK Logistic","description":"Přeprava kontejnerů a Servis nákladních aut","publisher":{"@id":"https://www.flogistic.cz/en/#organization"},"potentialAction":[{"@type":"SearchAction","target":{"@type":"EntryPoint","urlTemplate":"https://www.flogistic.cz/en/?s={search_term_string}"},"query-input":{"@type":"PropertyValueSpecification","valueRequired":true,"valueName":"search_term_string"}}],"inLanguage":"en-US"},{"@type":"Organization","@id":"https://www.flogistic.cz/en/#organization","name":"FORMÁNEK Logistic s.r.o.","url":"https://www.flogistic.cz/en/","logo":{"@type":"ImageObject","inLanguage":"en-US","@id":"https://www.flogistic.cz/en/#/schema/logo/image/","url":"https://www.flogistic.cz/wp-content/uploads/2024/03/Formanek-logo.svg","contentUrl":"https://www.flogistic.cz/wp-content/uploads/2024/03/Formanek-logo.svg","width":1200,"height":600,"caption":"FORMÁNEK Logistic s.r.o."},"image":{"@id":"https://www.flogistic.cz/en/#/schema/logo/image/"},"sameAs":["https://www.facebook.com/formaneklogistic","https://www.instagram.com/formanek_logistic/"]}]}</script>
<!-- / Yoast SEO plugin. -->

Privacy Policy | FORMÁNEK Logistic

Read how we handle your data under the General Data Protection Regulation (GDPR). Who collects the data It collects your personal data: FORMÁNEK Logistic

FORMÁNEK Logistic

Přeprava kontejnerů a Servis nákladních aut

FORMÁNEK Logistic s.r.o.
